{"id":644,"date":"2023-12-26T16:18:27","date_gmt":"2023-12-26T16:18:27","guid":{"rendered":"https:\/\/www.defneyayinevi.com.tr\/?page_id=644"},"modified":"2023-12-26T16:18:28","modified_gmt":"2023-12-26T16:18:28","slug":"hakkimizda","status":"publish","type":"page","link":"http:\/\/www.defneyayinevi.com.tr\/index.php\/hakkimizda\/","title":{"rendered":"Hakk\u0131m\u0131zda"},"content":{"rendered":"\n<p>Defne Yay\u0131nevi, 2021 y\u0131l\u0131nda yay\u0131n hayat\u0131na ba\u015flayan gen\u00e7 ve dinamik bir yay\u0131nevidir. Yeti\u015fkin ve \u00e7ocuk kategorilerinde yay\u0131nlad\u0131\u011f\u0131 eserlerle, edebiyat d\u00fcnyam\u0131za yeni bir soluk kazand\u0131rmay\u0131 ama\u00e7lamaktad\u0131r.<\/p>\n\n\n\n<p>Yeti\u015fkin kategorisinde, ara\u015ft\u0131rma-inceleme, an\u0131-biyografi, \u00f6yk\u00fc, \u015fiir gibi pek \u00e7ok t\u00fcrde eser yay\u0131nlayan Defne Yay\u0131nevi, klasik eserlerin yan\u0131nda, yeni isimlerin de edebiyat alan\u0131nda kendine yer bulmas\u0131n\u0131 desteklemektedir. Bu kapsamda, K\u00f6pr\u00fcba\u015f\u0131 Edebiyat Dergisi&#8217;ni \u00e7\u0131karan yay\u0131nevi, yeni yazarlar\u0131n yeteneklerini sergilemeleri i\u00e7in bir platform sunmaktad\u0131r.<\/p>\n\n\n\n<p>\u00c7ocuk kategorisinde ise, \u00f6yk\u00fc kitaplar\u0131, etkinlik kitaplar\u0131 ve boyama sayfalar\u0131 yay\u0131nlayan Defne Yay\u0131nevi, \u00e7ocuklar\u0131n hayal g\u00fc\u00e7lerini geli\u015ftirmeye ve onlara e\u011flenceli bir okuma deneyimi sunmaya odaklanmaktad\u0131r.<\/p>\n\n\n\n<p>Defne Yay\u0131nevi, her ge\u00e7en g\u00fcn yeni bir yenilikle yoluna devam etmektedir. Yay\u0131nevinin hedefi, edebiyat d\u00fcnyas\u0131na de\u011fer katacak, nitelikli eserler \u00fcretmek ve okuyucular\u0131n ilgisini \u00e7ekmek.<\/p>\n\n\n\n<p>\u0130\u015fte Defne Yay\u0131nevi&#8217;nin etkileyici y\u00f6nleri:<\/p>\n\n\n\n<p>Gen\u00e7 ve dinamik bir yay\u0131nevi olmas\u0131: Defne Yay\u0131nevi, yeni fikirlere ve yenili\u011fe a\u00e7\u0131k bir yay\u0131nevidir. Bu y\u00f6n\u00fcyle, edebiyat d\u00fcnyas\u0131n\u0131n yenilik\u00e7i sesi olmaya adayd\u0131r.<br>\u00c7e\u015fitli t\u00fcrlerde eser yay\u0131nlamas\u0131: Defne Yay\u0131nevi, yeti\u015fkin ve \u00e7ocuk kategorilerinde geni\u015f bir yelpazede eser yay\u0131nlamaktad\u0131r. Bu \u00e7e\u015fitlilik, yay\u0131nevinin geni\u015f bir okuyucu kitlesine hitap etmesini sa\u011flamaktad\u0131r.<br>Yeni isimlerin edebiyat d\u00fcnyas\u0131na kazand\u0131r\u0131lmas\u0131 i\u00e7in \u00e7aba g\u00f6stermesi: Defne Yay\u0131nevi, K\u00f6pr\u00fcba\u015f\u0131 Edebiyat Dergisi arac\u0131l\u0131\u011f\u0131yla yeni isimlerin edebiyat d\u00fcnyas\u0131na kazand\u0131r\u0131lmas\u0131 i\u00e7in \u00e7aba g\u00f6stermektedir. Bu \u00e7aba, edebiyat d\u00fcnyas\u0131n\u0131n zenginle\u015fmesine katk\u0131 sa\u011flamaktad\u0131r.<br>Sonu\u00e7 olarak, Defne Yay\u0131nevi, edebiyat d\u00fcnyas\u0131na yeni bir soluk kazand\u0131racak potansiyele sahip bir yay\u0131nevidir. Yay\u0131nevinin, gelecek y\u0131llarda da ba\u015far\u0131l\u0131 bir \u015fekilde yoluna&nbsp;devam&nbsp;ediyor.<\/p>\n","protected":false},"excerpt":{"rendered":"<p>Defne Yay\u0131nevi, 2021 y\u0131l\u0131nda yay\u0131n hayat\u0131na ba\u015flayan gen\u00e7 ve dinamik bir yay\u0131nevidir. Yeti\u015fkin ve \u00e7ocuk kategorilerinde yay\u0131nlad\u0131\u011f\u0131 eserlerle, edebiyat d\u00fcnyam\u0131za yeni bir soluk kazand\u0131rmay\u0131 ama\u00e7lamaktad\u0131r. Yeti\u015fkin kategorisinde, ara\u015ft\u0131rma-inceleme, an\u0131-biyografi, \u00f6yk\u00fc, \u015fiir gibi pek \u00e7ok t\u00fcrde eser yay\u0131nlayan Defne Yay\u0131nevi, klasik eserlerin yan\u0131nda, yeni isimlerin de edebiyat alan\u0131nda kendine yer bulmas\u0131n\u0131 desteklemektedir. Bu kapsamda, K\u00f6pr\u00fcba\u015f\u0131 Edebiyat [&hellip;]<\/p>\n","protected":false},"author":1,"featured_media":0,"parent":0,"menu_order":0,"comment_status":"closed","ping_status":"closed","template":"","meta":{"footnotes":""},"class_list":["post-644","page","type-page","status-publish","hentry"],"yoast_head":"<!-- This site is optimized with the Yoast SEO plugin v24.6 - https:\/\/yoast.com\/wordpress\/plugins\/seo\/ -->\n<title>Hakk\u0131m\u0131zda - Defne Yay\u0131nevi<\/title>\n<meta name=\"robots\" content=\"index, follow, max-snippet:-1, max-image-preview:large, max-video-preview:-1\" \/>\n<link rel=\"canonical\" href=\"http:\/\/www.defneyayinevi.com.tr\/index.php\/hakkimizda\/\" \/>\n<meta property=\"og:locale\" content=\"tr_TR\" \/>\n<meta property=\"og:type\" content=\"article\" \/>\n<meta property=\"og:title\" content=\"Hakk\u0131m\u0131zda - Defne Yay\u0131nevi\" \/>\n<meta property=\"og:description\" content=\"Defne Yay\u0131nevi, 2021 y\u0131l\u0131nda yay\u0131n hayat\u0131na ba\u015flayan gen\u00e7 ve dinamik bir yay\u0131nevidir. Yeti\u015fkin ve \u00e7ocuk kategorilerinde yay\u0131nlad\u0131\u011f\u0131 eserlerle, edebiyat d\u00fcnyam\u0131za yeni bir soluk kazand\u0131rmay\u0131 ama\u00e7lamaktad\u0131r. Yeti\u015fkin kategorisinde, ara\u015ft\u0131rma-inceleme, an\u0131-biyografi, \u00f6yk\u00fc, \u015fiir gibi pek \u00e7ok t\u00fcrde eser yay\u0131nlayan Defne Yay\u0131nevi, klasik eserlerin yan\u0131nda, yeni isimlerin de edebiyat alan\u0131nda kendine yer bulmas\u0131n\u0131 desteklemektedir. Bu kapsamda, K\u00f6pr\u00fcba\u015f\u0131 Edebiyat [&hellip;]\" \/>\n<meta property=\"og:url\" content=\"http:\/\/www.defneyayinevi.com.tr\/index.php\/hakkimizda\/\" \/>\n<meta property=\"og:site_name\" content=\"Defne Yay\u0131nevi\" \/>\n<meta property=\"article:modified_time\" content=\"2023-12-26T16:18:28+00:00\" \/>\n<meta name=\"twitter:card\" content=\"summary_large_image\" \/>\n<meta name=\"twitter:label1\" content=\"Tahmini okuma s\u00fcresi\" \/>\n\t<meta name=\"twitter:data1\" content=\"2 dakika\" \/>\n<script type=\"application\/ld+json\" class=\"yoast-schema-graph\">{\"@context\":\"https:\/\/schema.org\",\"@graph\":[{\"@type\":\"WebPage\",\"@id\":\"http:\/\/www.defneyayinevi.com.tr\/index.php\/hakkimizda\/\",\"url\":\"http:\/\/www.defneyayinevi.com.tr\/index.php\/hakkimizda\/\",\"name\":\"Hakk\u0131m\u0131zda - Defne Yay\u0131nevi\",\"isPartOf\":{\"@id\":\"https:\/\/www.defneyayinevi.com.tr\/#website\"},\"datePublished\":\"2023-12-26T16:18:27+00:00\",\"dateModified\":\"2023-12-26T16:18:28+00:00\",\"breadcrumb\":{\"@id\":\"http:\/\/www.defneyayinevi.com.tr\/index.php\/hakkimizda\/#breadcrumb\"},\"inLanguage\":\"tr\",\"potentialAction\":[{\"@type\":\"ReadAction\",\"target\":[\"http:\/\/www.defneyayinevi.com.tr\/index.php\/hakkimizda\/\"]}]},{\"@type\":\"BreadcrumbList\",\"@id\":\"http:\/\/www.defneyayinevi.com.tr\/index.php\/hakkimizda\/#breadcrumb\",\"itemListElement\":[{\"@type\":\"ListItem\",\"position\":1,\"name\":\"Anasayfa\",\"item\":\"https:\/\/www.defneyayinevi.com.tr\/\"},{\"@type\":\"ListItem\",\"position\":2,\"name\":\"Hakk\u0131m\u0131zda\"}]},{\"@type\":\"WebSite\",\"@id\":\"https:\/\/www.defneyayinevi.com.tr\/#website\",\"url\":\"https:\/\/www.defneyayinevi.com.tr\/\",\"name\":\"Defne Yay\u0131nevi\",\"description\":\"Yarat\u0131c\u0131 Kalemler i\u00e7in...\",\"publisher\":{\"@id\":\"https:\/\/www.defneyayinevi.com.tr\/#organization\"},\"potentialAction\":[{\"@type\":\"SearchAction\",\"target\":{\"@type\":\"EntryPoint\",\"urlTemplate\":\"https:\/\/www.defneyayinevi.com.tr\/?s={search_term_string}\"},\"query-input\":{\"@type\":\"PropertyValueSpecification\",\"valueRequired\":true,\"valueName\":\"search_term_string\"}}],\"inLanguage\":\"tr\"},{\"@type\":\"Organization\",\"@id\":\"https:\/\/www.defneyayinevi.com.tr\/#organization\",\"name\":\"Defne Yay\u0131nevi\",\"url\":\"https:\/\/www.defneyayinevi.com.tr\/\",\"logo\":{\"@type\":\"ImageObject\",\"inLanguage\":\"tr\",\"@id\":\"https:\/\/www.defneyayinevi.com.tr\/#\/schema\/logo\/image\/\",\"url\":\"http:\/\/www.defneyayinevi.com.tr\/wp-content\/uploads\/2023\/12\/defne-2-1.png\",\"contentUrl\":\"http:\/\/www.defneyayinevi.com.tr\/wp-content\/uploads\/2023\/12\/defne-2-1.png\",\"width\":2235,\"height\":663,\"caption\":\"Defne Yay\u0131nevi\"},\"image\":{\"@id\":\"https:\/\/www.defneyayinevi.com.tr\/#\/schema\/logo\/image\/\"}}]}<\/script>\n<!-- \/ Yoast SEO plugin. -->","yoast_head_json":{"title":"Hakk\u0131m\u0131zda - Defne Yay\u0131nevi","robots":{"index":"index","follow":"follow","max-snippet":"max-snippet:-1","max-image-preview":"max-image-preview:large","max-video-preview":"max-video-preview:-1"},"canonical":"http:\/\/www.defneyayinevi.com.tr\/index.php\/hakkimizda\/","og_locale":"tr_TR","og_type":"article","og_title":"Hakk\u0131m\u0131zda - Defne Yay\u0131nevi","og_description":"Defne Yay\u0131nevi, 2021 y\u0131l\u0131nda yay\u0131n hayat\u0131na ba\u015flayan gen\u00e7 ve dinamik bir yay\u0131nevidir. Yeti\u015fkin ve \u00e7ocuk kategorilerinde yay\u0131nlad\u0131\u011f\u0131 eserlerle, edebiyat d\u00fcnyam\u0131za yeni bir soluk kazand\u0131rmay\u0131 ama\u00e7lamaktad\u0131r. Yeti\u015fkin kategorisinde, ara\u015ft\u0131rma-inceleme, an\u0131-biyografi, \u00f6yk\u00fc, \u015fiir gibi pek \u00e7ok t\u00fcrde eser yay\u0131nlayan Defne Yay\u0131nevi, klasik eserlerin yan\u0131nda, yeni isimlerin de edebiyat alan\u0131nda kendine yer bulmas\u0131n\u0131 desteklemektedir. Bu kapsamda, K\u00f6pr\u00fcba\u015f\u0131 Edebiyat [&hellip;]","og_url":"http:\/\/www.defneyayinevi.com.tr\/index.php\/hakkimizda\/","og_site_name":"Defne Yay\u0131nevi","article_modified_time":"2023-12-26T16:18:28+00:00","twitter_card":"summary_large_image","twitter_misc":{"Tahmini okuma s\u00fcresi":"2 dakika"},"schema":{"@context":"https:\/\/schema.org","@graph":[{"@type":"WebPage","@id":"http:\/\/www.defneyayinevi.com.tr\/index.php\/hakkimizda\/","url":"http:\/\/www.defneyayinevi.com.tr\/index.php\/hakkimizda\/","name":"Hakk\u0131m\u0131zda - Defne Yay\u0131nevi","isPartOf":{"@id":"https:\/\/www.defneyayinevi.com.tr\/#website"},"datePublished":"2023-12-26T16:18:27+00:00","dateModified":"2023-12-26T16:18:28+00:00","breadcrumb":{"@id":"http:\/\/www.defneyayinevi.com.tr\/index.php\/hakkimizda\/#breadcrumb"},"inLanguage":"tr","potentialAction":[{"@type":"ReadAction","target":["http:\/\/www.defneyayinevi.com.tr\/index.php\/hakkimizda\/"]}]},{"@type":"BreadcrumbList","@id":"http:\/\/www.defneyayinevi.com.tr\/index.php\/hakkimizda\/#breadcrumb","itemListElement":[{"@type":"ListItem","position":1,"name":"Anasayfa","item":"https:\/\/www.defneyayinevi.com.tr\/"},{"@type":"ListItem","position":2,"name":"Hakk\u0131m\u0131zda"}]},{"@type":"WebSite","@id":"https:\/\/www.defneyayinevi.com.tr\/#website","url":"https:\/\/www.defneyayinevi.com.tr\/","name":"Defne Yay\u0131nevi","description":"Yarat\u0131c\u0131 Kalemler i\u00e7in...","publisher":{"@id":"https:\/\/www.defneyayinevi.com.tr\/#organization"},"potentialAction":[{"@type":"SearchAction","target":{"@type":"EntryPoint","urlTemplate":"https:\/\/www.defneyayinevi.com.tr\/?s={search_term_string}"},"query-input":{"@type":"PropertyValueSpecification","valueRequired":true,"valueName":"search_term_string"}}],"inLanguage":"tr"},{"@type":"Organization","@id":"https:\/\/www.defneyayinevi.com.tr\/#organization","name":"Defne Yay\u0131nevi","url":"https:\/\/www.defneyayinevi.com.tr\/","logo":{"@type":"ImageObject","inLanguage":"tr","@id":"https:\/\/www.defneyayinevi.com.tr\/#\/schema\/logo\/image\/","url":"http:\/\/www.defneyayinevi.com.tr\/wp-content\/uploads\/2023\/12\/defne-2-1.png","contentUrl":"http:\/\/www.defneyayinevi.com.tr\/wp-content\/uploads\/2023\/12\/defne-2-1.png","width":2235,"height":663,"caption":"Defne Yay\u0131nevi"},"image":{"@id":"https:\/\/www.defneyayinevi.com.tr\/#\/schema\/logo\/image\/"}}]}},"_links":{"self":[{"href":"http:\/\/www.defneyayinevi.com.tr\/index.php\/wp-json\/wp\/v2\/pages\/644","targetHints":{"allow":["GET"]}}],"collection":[{"href":"http:\/\/www.defneyayinevi.com.tr\/index.php\/wp-json\/wp\/v2\/pages"}],"about":[{"href":"http:\/\/www.defneyayinevi.com.tr\/index.php\/wp-json\/wp\/v2\/types\/page"}],"author":[{"embeddable":true,"href":"http:\/\/www.defneyayinevi.com.tr\/index.php\/wp-json\/wp\/v2\/users\/1"}],"replies":[{"embeddable":true,"href":"http:\/\/www.defneyayinevi.com.tr\/index.php\/wp-json\/wp\/v2\/comments?post=644"}],"version-history":[{"count":1,"href":"http:\/\/www.defneyayinevi.com.tr\/index.php\/wp-json\/wp\/v2\/pages\/644\/revisions"}],"predecessor-version":[{"id":645,"href":"http:\/\/www.defneyayinevi.com.tr\/index.php\/wp-json\/wp\/v2\/pages\/644\/revisions\/645"}],"wp:attachment":[{"href":"http:\/\/www.defneyayinevi.com.tr\/index.php\/wp-json\/wp\/v2\/media?parent=644"}],"curies":[{"name":"wp","href":"https:\/\/api.w.org\/{rel}","templated":true}]}}

Hakkımızda

<p>Defne Yayınevi, 2021 yılında yayın hayatına başlayan genç ve dinamik bir yayınevidir. Yetişkin ve çocuk kategorilerinde yayınladığı eserlerle, edebiyat dünyamıza yeni bir soluk kazandırmayı amaçlamaktadır.</p>



<p>Yetişkin kategorisinde, araştırma-inceleme, anı-biyografi, öykü, şiir gibi pek çok türde eser yayınlayan Defne Yayınevi, klasik eserlerin yanında, yeni isimlerin de edebiyat alanında kendine yer bulmasını desteklemektedir. Bu kapsamda, Köprübaşı Edebiyat Dergisi&#8217;ni çıkaran yayınevi, yeni yazarların yeteneklerini sergilemeleri için bir platform sunmaktadır.</p>



<p>Çocuk kategorisinde ise, öykü kitapları, etkinlik kitapları ve boyama sayfaları yayınlayan Defne Yayınevi, çocukların hayal güçlerini geliştirmeye ve onlara eğlenceli bir okuma deneyimi sunmaya odaklanmaktadır.</p>



<p>Defne Yayınevi, her geçen gün yeni bir yenilikle yoluna devam etmektedir. Yayınevinin hedefi, edebiyat dünyasına değer katacak, nitelikli eserler üretmek ve okuyucuların ilgisini çekmek.</p>



<p>İşte Defne Yayınevi&#8217;nin etkileyici yönleri:</p>



<p>Genç ve dinamik bir yayınevi olması: Defne Yayınevi, yeni fikirlere ve yeniliğe açık bir yayınevidir. Bu yönüyle, edebiyat dünyasının yenilikçi sesi olmaya adaydır.<br>Çeşitli türlerde eser yayınlaması: Defne Yayınevi, yetişkin ve çocuk kategorilerinde geniş bir yelpazede eser yayınlamaktadır. Bu çeşitlilik, yayınevinin geniş bir okuyucu kitlesine hitap etmesini sağlamaktadır.<br>Yeni isimlerin edebiyat dünyasına kazandırılması için çaba göstermesi: Defne Yayınevi, Köprübaşı Edebiyat Dergisi aracılığıyla yeni isimlerin edebiyat dünyasına kazandırılması için çaba göstermektedir. Bu çaba, edebiyat dünyasının zenginleşmesine katkı sağlamaktadır.<br>Sonuç olarak, Defne Yayınevi, edebiyat dünyasına yeni bir soluk kazandıracak potansiyele sahip bir yayınevidir. Yayınevinin, gelecek yıllarda da başarılı bir şekilde yoluna&nbsp;devam&nbsp;ediyor.</p>

<p>Defne Yayınevi, 2021 yılında yayın hayatına başlayan genç ve dinamik bir yayınevidir. Yetişkin ve çocuk kategorilerinde yayınladığı eserlerle, edebiyat dünyamıza yeni bir soluk kazandırmayı amaçlamaktadır. Yetişkin kategorisinde, araştırma-inceleme, anı-biyografi, öykü, şiir gibi pek çok türde eser yayınlayan Defne Yayınevi, klasik eserlerin yanında, yeni isimlerin de edebiyat alanında kendine yer bulmasını desteklemektedir. Bu kapsamda, Köprübaşı Edebiyat [&hellip;]</p>

<!-- This site is optimized with the Yoast SEO plugin v24.6 - https://yoast.com/wordpress/plugins/seo/ -->
<title>Hakkımızda - Defne Yayınevi</title>
<meta name="robots" content="index, follow, max-snippet:-1, max-image-preview:large, max-video-preview:-1" />
<link rel="canonical" href="http://www.defneyayinevi.com.tr/index.php/hakkimizda/" />
<meta property="og:locale" content="tr_TR" />
<meta property="og:type" content="article" />
<meta property="og:title" content="Hakkımızda - Defne Yayınevi" />
<meta property="og:description" content="Defne Yayınevi, 2021 yılında yayın hayatına başlayan genç ve dinamik bir yayınevidir. Yetişkin ve çocuk kategorilerinde yayınladığı eserlerle, edebiyat dünyamıza yeni bir soluk kazandırmayı amaçlamaktadır. Yetişkin kategorisinde, araştırma-inceleme, anı-biyografi, öykü, şiir gibi pek çok türde eser yayınlayan Defne Yayınevi, klasik eserlerin yanında, yeni isimlerin de edebiyat alanında kendine yer bulmasını desteklemektedir. Bu kapsamda, Köprübaşı Edebiyat [&hellip;]" />
<meta property="og:url" content="http://www.defneyayinevi.com.tr/index.php/hakkimizda/" />
<meta property="og:site_name" content="Defne Yayınevi" />
<meta property="article:modified_time" content="2023-12-26T16:18:28+00:00" />
<meta name="twitter:card" content="summary_large_image" />
<meta name="twitter:label1" content="Tahmini okuma süresi" />
	<meta name="twitter:data1" content="2 dakika" />
<script type="application/ld+json" class="yoast-schema-graph">{"@context":"https://schema.org","@graph":[{"@type":"WebPage","@id":"http://www.defneyayinevi.com.tr/index.php/hakkimizda/","url":"http://www.defneyayinevi.com.tr/index.php/hakkimizda/","name":"Hakkımızda - Defne Yayınevi","isPartOf":{"@id":"https://www.defneyayinevi.com.tr/#website"},"datePublished":"2023-12-26T16:18:27+00:00","dateModified":"2023-12-26T16:18:28+00:00","breadcrumb":{"@id":"http://www.defneyayinevi.com.tr/index.php/hakkimizda/#breadcrumb"},"inLanguage":"tr","potentialAction":[{"@type":"ReadAction","target":["http://www.defneyayinevi.com.tr/index.php/hakkimizda/"]}]},{"@type":"BreadcrumbList","@id":"http://www.defneyayinevi.com.tr/index.php/hakkimizda/#breadcrumb","itemListElement":[{"@type":"ListItem","position":1,"name":"Anasayfa","item":"https://www.defneyayinevi.com.tr/"},{"@type":"ListItem","position":2,"name":"Hakkımızda"}]},{"@type":"WebSite","@id":"https://www.defneyayinevi.com.tr/#website","url":"https://www.defneyayinevi.com.tr/","name":"Defne Yayınevi","description":"Yaratıcı Kalemler için...","publisher":{"@id":"https://www.defneyayinevi.com.tr/#organization"},"potentialAction":[{"@type":"SearchAction","target":{"@type":"EntryPoint","urlTemplate":"https://www.defneyayinevi.com.tr/?s={search_term_string}"},"query-input":{"@type":"PropertyValueSpecification","valueRequired":true,"valueName":"search_term_string"}}],"inLanguage":"tr"},{"@type":"Organization","@id":"https://www.defneyayinevi.com.tr/#organization","name":"Defne Yayınevi","url":"https://www.defneyayinevi.com.tr/","logo":{"@type":"ImageObject","inLanguage":"tr","@id":"https://www.defneyayinevi.com.tr/#/schema/logo/image/","url":"http://www.defneyayinevi.com.tr/wp-content/uploads/2023/12/defne-2-1.png","contentUrl":"http://www.defneyayinevi.com.tr/wp-content/uploads/2023/12/defne-2-1.png","width":2235,"height":663,"caption":"Defne Yayınevi"},"image":{"@id":"https://www.defneyayinevi.com.tr/#/schema/logo/image/"}}]}</script>
<!-- / Yoast SEO plugin. -->

Hakkımızda - Defne Yayınevi

Defne Yayınevi, 2021 yılında yayın hayatına başlayan genç ve dinamik bir yayınevidir. Yetişkin ve çocuk kategorilerinde yayınladığı eserlerle, edebiyat dünyamıza yeni bir soluk kazandırmayı amaçlamaktadır. Yetişkin kategorisinde, araştırma-inceleme, anı-biyografi, öykü, şiir gibi pek çok türde eser yayınlayan Defne Yayınevi, klasik eserlerin yanında, yeni isimlerin de edebiyat alanında kendine yer bulmasını desteklemektedir. Bu kapsamda, Köprübaşı Edebiyat [&hellip;]

Defne Yayınevi

Yaratıcı Kalemler için...
